
What is (-3 - 4) + -5 + (-74 - -93)?
7
4 - (1 - -17) - -22
8
What is the value of 0 - -6 - 2 - (-19 + 39)?
-16
(11 + 6 - (-12 - 0)) + (4 - 0)
33
What is 15 - (7 - (-6 + 8 + -6))?
4
What is -57 + 23 + -7 + 0 + 20?
-21
What is -19 + (-21 - -34) - 0?
-6
Evaluate (-1 - -5) + (14 - (21 + -13)).
10
What is -125 + 71 + 58 - (-1 - (-7 + 0))?
-2
What is 10 + 1 + -1 + 3 + (11 - 10)?
14
Calculate -9 - (1 + 4 + 3 - 7).
-10
Evaluate -13 + 17 + -2 + -11.
-9
Evaluate (5 - 3) + 20 + -12.
10
Calculate -3 - (7 + (5 + 2 + -4 - 24)).
11
What is the value of 22 - ((29 - (20 - 10)) + 1)?
2
192 - 190 - (10 - -1 - 0)
-9
What is 23 + -23 + 16 + 16 + 0?
32
What is 17 + 17 - (-11 - -76)?
-31
What is the value of -43 - -38 - (1 - -1)?
-7
15 + 4 + (-3 - -11) + -12 - 9
6
What is the value of -11 + 4 - (-21 - -9) - 1 - 0?
4
Evaluate 2 + -6 + (-15 - -5) + 4.
-10
Calculate (-326 - -312) + (-7 - (1 - -1)).
-23
693 + -671 + (-37 - 0)
-15
What is (154 - 144) + (1 - (1 - 7 - 1))?
18
Calculate -9 + 4 + 1 - ((-2 - -3) + -5).
0
Evaluate (17 - 7) + -27 + 5 + -1 + 5.
-8
What is the value of 3 - (5 + 6 + -14)?
6
What is 0 - (-5 - -9 - -4)?
-8
Calculate (-2 - 1) + -3 + 3 + (2 - -1).
0
What is 4 - 1 - -3 - (-6 + (5 - -3))?
4
Evaluate -4 + (-25 - -25) + 2 + -3.
-5
Calculate -9 + 5 - (-3 + -5).
4
What is the value of 51 - 41 - (3 + (-3 - -2) - 2)?
10
What is the value of -100 - -110 - (13 + -5) - (-2 - 1)?
5
(-9 - 6) + 9 + -5 + -11
-22
Evaluate 3 - -44 - (47 + 15).
-15
Calculate -12 - (0 + 0 + 8 - 47).
27
What is the value of 4 - 15 - -2 - (-15 + -5)?
11
What is -14 + 15 + (-35 - 4)?
-38
What is (6 - (-19 + 47)) + 11 - (-22 + -1)?
12
What is 9 - (7 - (-9 + 27))?
20
Evaluate 7 - (-4 + (-9 - -2 - -3)) - 0.
15
Evaluate -2 - -1 - (-4 + -7 + 4 + 8).
-2
What is the value of 19 + (-33 - 28 - -33)?
-9
Calculate 4 - (-5 + 2) - 5 - 7.
-5
Calculate (1 - 9) + 94 + -95 + (-1 - 5).
-15
(44 + -53 + (0 - -1) - 14) + 0
-22
What is the value of (-2 - (-19 - 0)) + -9?
8
Calculate -1 + -7 - (9 - (2 - -24)).
9
Calculate 141 - 175 - (-9 + -45).
20
Calculate (3 - 3 - 0) + 2 - -1 - 12.
-9
Evaluate 2 - (0 - -2) - (-9 + 4 + 22).
-17
Calculate (-4 + -6 - -2) + 2 - 15.
-21
What is the value of 6 + ((25 - 11) + -9 - (-4 - 3))?
18
What is (0 - (4 - -8 - 9)) + 2 + -1?
-2
What is 1 + 7 + -17 + -3 + -18 + 8?
-22
Calculate 6 + (-4 + 12 - -3 - 10).
7
What is the value of 12 + -12 + -4 + 6 + -3?
-1
Calculate (-15 - (-8 + 3 - -10)) + 8.
-12
Evaluate (-2 - (9 - 6)) + (80 - 65).
10
(0 - 2) + (1 - (-15 - -7)) + 7
14
Evaluate -13 + 5 + (0 + -3 - -2).
-9
What is -1 - -27 - (13 + 5)?
8
Evaluate -30 - ((4 - (15 - 3)) + 16 + -17).
-21
What is 34 + (-23 - 3) - -5?
13
Evaluate -4 + (-1 - (-55 - -23)).
27
Evaluate (-27 - -28) + -10 + 23.
14
What is -3 + -2 + 26 + -1 + (-4 - -1)?
17
Evaluate (-45 - (14 - 7)) + 29.
-23
What is the value of 9 + (20 - (19 + -1))?
11
What is the value of 22 + -32 + 14 + -22 + 1 + 2?
-15
Calculate (33 + -83 - -5) + 29.
-16
Evaluate 7 + -28 - -1 - -10.
-10
What is (-6 - -3) + -35 + (19 - -5) + -22?
-36
-7 + 5 + 16 + (-11 - -7)
10
-3 + (-2 - (4 + 7 + -8))
-8
Calculate 10 + (9 - (3 - -28)).
-12
What is -5 + -2 + (-24 - -10) + 10?
-11
(-7 + -10 - -6 - -19) + -2
6
(1 + -4 - (8 - 15 - -14)) + 36
26
What is 0 + 0 + (-5 - (-5 - -5)) + 5?
0
What is -29 + 37 + (-4 - -3) + -2 + -5?
0
Evaluate -46 + 19 + 19 - -1.
-7
Evaluate 206 - 189 - (15 - 1).
3
Calculate (-1 - 0) + 9 + (4 - 6).
6
Evaluate -5 - -2 - -2 - (-6 - 9 - -5).
9
What is 10 - (-9 - -12) - 9?
-2
35 + -32 + (-12 - (2 + -30))
19
Evaluate -2 + 10 + -64 + 49.
-7
What is 6 - (4 + -2 + 4) - -6?
6
What is -4 + 39 + 4 + -22?
17
Calculate 4 + -6 + 0 + 4 + -8 + -2.
-8
13 + (-23 - -13) + -5
-2
What is the value of 5 + (23 - 25 - 25)?
-22
Calculate 8 + (-19 + 4 - -25).
18
Evaluate (-5 + (0 - -1) - (-13 + -20)) + -6.
23
Evaluate -1 - -23 - (184 - 177).
15
What is the value of -9 + 11 + -8 + 3?
-3
23 + 0 - (-971 + 980)
14
What is the value of -44 - (8 + (-10 - 26))?
-16
Calculate 1 + 9 - (1 - 1).
10
What is (-1 - -1) + 2 - (20 - 15 - -14)?
-17
What is -14 - (-17 - 7) - 20 - (23 + 1)?
-34
What is -1 + 0 + 8 + -3 - -6?
10
What is the value of -11 - (-15 + 16) - -20?
8
Evaluate 25 + (-6 - 8) - 16 - 13.
-18
What is -18 + 5 + 15 + (-13 - -1) - -4?
-6
(-17 - (-12 - -2)) + 1 + 15
9
Evaluate 22 - 11 - 14 - (-1 - 0) - 8.
-10
Calculate -13 + -3 - (4 + -34).
14
Calculate -30 - (-15 + 16 + -19).
-12
Calculate -15 - (-1 - (16 - -9)).
11
Evaluate 13 + 19 + -43 + -7.
-18
What is -1 + -18 + 16 - (1 - 6)?
2
What is the value of 3 + -8 + 6 + -2 + 23?
22
4 + 23 + -17 + 7
17
Calculate (13 - 41 - (-3 + 8 + 3)) + 7.
-29
Calculate 0 - 0 - (-282 + 289).
-7
Calculate (9 + (-1 - 7) - (3 - -2)) + 3.
-1
17 + 18 + -4 + -29
2
Evaluate (3 - (10 - (0 + 5))) + 13 + 4.
15
What is the value of -8 + (1 - (2 - 0 - 5))?
-4
Calculate -8 - 9 - ((7 - (3 + -1)) + -3).
-19
Evaluate (0 - -3) + -149 + 148.
2
Calculate -4 + 8 + -5 + -9 + 6 + 16.
12
Calculate 6 - ((-12 - 1) + (-4 - -11)).
12
What is 671 + -679 + (9 - 4 - (1 - -1))?
-5
What is the value of 2 - -1 - (-25 - -42 - (10 - 4))?
-8
(14 - (-9 - 0)) + -4
19
What is (-27 - 3 - -23) + 17?
10
Evaluate -2 + -23 - (-89 + 75).
-11
What is (-12 - (-15 + 2)) + -2?
-1
0 + 11 - (12 + -40 - (-4 - 18))
17
-11 + -22 + 9 - -20 - -28
24
Evaluate (-2 - -3 - -3) + -8 - 3.
-7
Calculate (0 - (5 - 14 - -5)) + 7.
11
What is the value of (-16 - (-21 + 29)) + (-1 - -10) + 7?
-8
What is the value of -26 + 43 + 15 + -45?
-13
2 + 1 - (294 - 306 - (1 + -39))
-23
-2 - -7 - (-213 - -215)
3
What is the value of -11 + 0 + 1 + -70 + 61?
-19
What is the value of 6 + (17 - (11 + -2)) + -2 + 0?
12
What is (-12 - (-22 + 13)) + 17 + 20?
34
Calculate -9 + -10 + 14 - -5.
0
Evaluate 39 - (-2 + 24 + 2).
15
What is 23 + -16 + (-4 - (10 - 3)) + -17?
-21
What is (3 - (7 + 4)) + -2 + -8?
-18
Calculate 2 + -1 - (-33 + 42) - -3.
-5
What is the value of 6 - (-11 + 20 + 3)?
-6
(37 + -28 - (1 - 7)) + 0 + -1
14
Evaluate -4 + -2 + 1 - (-4 + 9).
-10
What is -23 - (-41 + 18) - (6 - (0 + -1))?
-7
Evaluate 2 - (24 - 6) - -25.
9
What is -2 + (-2 - 14) + 0 - (1602 - 1597)?
-23
What is the value of 4 + (35 + -16 - 39)?
-16
What is the value of (20 - 1) + (9 + -70 - -44)?
2
What is the value of -1 + -5 + 26 + -12?
8
37 + 31 + -58 - (-16 - 3)
29
Evaluate -122 + 112 + (2 - 3) + (-7 - 1).
-19
Evaluate -11 + (12 - 5) + -7 + -4.
-15
What is (166 - 172) + -1 + 26 + 1?
20
(-33 - -55) + 1 + -10
13
What is -22 + 9 + 26 + -16?
-3
Evaluate (-99 - -104) + 5 + -1.
9
Evaluate 58 + -64 - (18 + -1 + (-6 - -2)).
-19
Evaluate -18 + 46 + -2 + -6.
20
Evaluate 17 - (18 + 3 + -7 - 23).
26
What is the value of 4 + 12 - 8 - (-26 + 19)?
15
Calculate -1 + -3 + -30 - 3 - -10.
-27
What is 9 - (14 - (11 - -1) - (10 - 2))?
15
29 + -32 - (-1 - (-12 - -4))
-10
-1 + (-93 - -106 - (1 - -9))
2
Evaluate -18 + 13 + 7 + 1 + -9.
-6
18 + 29 + -18 + -13
16
Evaluate -10 + 0 - (12 + (-5 - 1)).
-16
What is -35 - (-26 + -22) - (-1 - 1)?
15
Evaluate -6 + 18 + (-12 - 15).
-15
What is the value of 0 - (-7 - -9) - 1 - -5?
2
What is -11 - -6 - (2 - 15)?
8
11 - (-3 - (-39 - -15)) - (1 - 0)
-11
What is 16 + 1 + -1 + -2 + -6 + -16?
-8
What is the value of (-2 - 0) + 7 + 0 - (-2 + 2)?
5
(1 - 6) + (1 + -16 - -12) + -4
-12
Evaluate ((5 - -4) + -12 - 24) + 5 + 6.
-16
Calculate 912 + -903 + (9 - 1).
17
Evaluate 12 + 5 - (-10 - (4 + -8 - -5)).
28
What is the value of 6 - 0 - (-42 - 8 - -58)?
-2
-12 + (-17 - -65) + -5
31
Calculate (-8 + 0 - 0) + 0 + -86 + 93.
-1
Evaluate -4 + (4 - 3) + 0 + 22 + -10.
9
Evaluate (-12 - 9) + (24 - 9).
-6
What is the value of -13 + -18 + 18 + -12?
-25
-18 - (7 + (25 - 19 - -1))
-32
What is the value of 2 + (2 - 4 - 4) + 12 + -12?
-4
What is the value of -5 - -8 - (23 - 11)?
-9
Calculate -1 - 0 - (-20 - (-42 - -41)).
18
-1251 - -1280 - (1 - -32)
-4
What is the value of 1 - -25 - 3 - (-294 + 308)?
9
Evaluate (-8 - (-2 - -1 - 3)) + (12 - 16).
-8
Evaluate -9 + 1 + (-8 - -3).
-13
70 - 10 - (20 - -2)
38
What is the value of -25 - -28 - (-15 + 1 + 6 + 3)?
8
Evaluate -76 + 73 + (37 - (0 - (2 - 5))).
31
What is the value of -4 - -34 - (4 + 7)?
19
What is the value of -10 + (-8 - -25) + -20?
-13
Evaluate 0 + 1 + (8 - (-4 - -6)) + 2.
9
(14 - -1) + (-9 - (-1 - -15))
-8
What is the value of -19 - -24 - ((3 - -16) + -5)?
-9
9 + -11 + -1 + (0 - -15)
12
What is 